{"id":11,"date":"2022-04-12T16:04:14","date_gmt":"2022-04-12T14:04:14","guid":{"rendered":"http:\/\/asvsd.fr\/?page_id=11"},"modified":"2025-08-28T14:13:17","modified_gmt":"2025-08-28T12:13:17","slug":"fitness","status":"publish","type":"page","link":"https:\/\/asvsd.fr\/index.php\/fitness\/","title":{"rendered":"Fitness"},"content":{"rendered":"\t\t<div data-elementor-type=\"wp-page\" data-elementor-id=\"11\" class=\"elementor elementor-11\">\n\t\t\t\t\t\t<section class=\"elementor-section elementor-top-section elementor-element elementor-element-23b16a7 elementor-section-content-middle elementor-reverse-mobile elementor-section-boxed elementor-section-height-default elementor-section-height-default\" data-id=\"23b16a7\" data-element_type=\"section\" data-e-type=\"section\">\n\t\t\t\t\t\t<div class=\"elementor-container elementor-column-gap-default\">\n\t\t\t\t\t<div class=\"elementor-column elementor-col-50 elementor-top-column elementor-element elementor-element-5c234ea\" data-id=\"5c234ea\" data-element_type=\"column\" data-e-type=\"column\">\n\t\t\t<div class=\"elementor-widget-wrap elementor-element-populated\">\n\t\t\t\t\t\t<div class=\"elementor-element elementor-element-5e964fb elementor-widget elementor-widget-heading\" data-id=\"5e964fb\" data-element_type=\"widget\" data-e-type=\"widget\" data-widget_type=\"heading.default\">\n\t\t\t\t<div class=\"elementor-widget-container\">\n\t\t\t\t\t<h2 class=\"elementor-heading-title elementor-size-default\">Fitness adultes<\/h2>\t\t\t\t<\/div>\n\t\t\t\t<\/div>\n\t\t\t\t<div class=\"elementor-element elementor-element-133a78b elementor-widget elementor-widget-heading\" data-id=\"133a78b\" data-element_type=\"widget\" data-e-type=\"widget\" data-widget_type=\"heading.default\">\n\t\t\t\t<div class=\"elementor-widget-container\">\n\t\t\t\t\t<h2 class=\"elementor-heading-title elementor-size-default\">Venez d\u00e9couvrir des muscles dont vous ignoriez l\u2019existence !<\/h2>\t\t\t\t<\/div>\n\t\t\t\t<\/div>\n\t\t\t\t<div class=\"elementor-element elementor-element-1a7545f elementor-widget elementor-widget-text-editor\" data-id=\"1a7545f\" data-element_type=\"widget\" data-e-type=\"widget\" data-widget_type=\"text-editor.default\">\n\t\t\t\t<div class=\"elementor-widget-container\">\n\t\t\t\t\t\t\t\t\t<ul><li>Cours collectif et en atelier<\/li><li>Pratique compl\u00e8te sur l\u2019ensemble des groupes musculaires<\/li><li>Cardio<\/li><li>Les exercices varient d\u2019un cours \u00e0 l\u2019autre<\/li><li>Sans comp\u00e9tition et avec bienveillance<\/li><li>Mat\u00e9riel n\u00e9cessaire mis \u00e0 disposition par l\u2019association (tapis, poids, \u00e9lastiques, steps\u2026)<\/li><\/ul>\t\t\t\t\t\t\t\t<\/div>\n\t\t\t\t<\/div>\n\t\t\t\t<div class=\"elementor-element elementor-element-ba9fb21 elementor-align-left elementor-mobile-align-center elementor-widget elementor-widget-button\" data-id=\"ba9fb21\" data-element_type=\"widget\" data-e-type=\"widget\" data-widget_type=\"button.default\">\n\t\t\t\t<div class=\"elementor-widget-container\">\n\t\t\t\t\t\t\t\t\t<div class=\"elementor-button-wrapper\">\n\t\t\t\t\t<a class=\"elementor-button elementor-button-link elementor-size-md elementor-animation-sink\" href=\"https:\/\/asvsd.fr\/index.php\/inscription\/\">\n\t\t\t\t\t\t<span class=\"elementor-button-content-wrapper\">\n\t\t\t\t\t\t\t\t\t<span class=\"elementor-button-text\">Inscrivez-vous<\/span>\n\t\t\t\t\t<\/span>\n\t\t\t\t\t<\/a>\n\t\t\t\t<\/div>\n\t\t\t\t\t\t\t\t<\/div>\n\t\t\t\t<\/div>\n\t\t\t\t\t<\/div>\n\t\t<\/div>\n\t\t\t\t<div class=\"elementor-column elementor-col-50 elementor-top-column elementor-element elementor-element-a0cb39b\" data-id=\"a0cb39b\" data-element_type=\"column\" data-e-type=\"column\">\n\t\t\t<div class=\"elementor-widget-wrap elementor-element-populated\">\n\t\t\t\t\t\t<div class=\"elementor-element elementor-element-7f4ac18 elementor-invisible elementor-widget elementor-widget-image\" data-id=\"7f4ac18\" data-element_type=\"widget\" data-e-type=\"widget\" data-settings=\"{&quot;_animation&quot;:&quot;fadeInRight&quot;,&quot;_animation_delay&quot;:500}\" data-widget_type=\"image.default\">\n\t\t\t\t<div class=\"elementor-widget-container\">\n\t\t\t\t\t\t\t\t\t\t\t\t\t\t\t<img fetchpriority=\"high\" decoding=\"async\" width=\"2560\" height=\"1707\" src=\"https:\/\/asvsd.fr\/wp-content\/uploads\/2022\/08\/iStock-517963642-scaled.jpg\" class=\"attachment-full size-full wp-image-1532\" alt=\"\" srcset=\"https:\/\/asvsd.fr\/wp-content\/uploads\/2022\/08\/iStock-517963642-scaled.jpg 2560w, https:\/\/asvsd.fr\/wp-content\/uploads\/2022\/08\/iStock-517963642-300x200.jpg 300w, https:\/\/asvsd.fr\/wp-content\/uploads\/2022\/08\/iStock-517963642-1024x683.jpg 1024w, https:\/\/asvsd.fr\/wp-content\/uploads\/2022\/08\/iStock-517963642-768x512.jpg 768w, https:\/\/asvsd.fr\/wp-content\/uploads\/2022\/08\/iStock-517963642-1536x1024.jpg 1536w, https:\/\/asvsd.fr\/wp-content\/uploads\/2022\/08\/iStock-517963642-2048x1365.jpg 2048w\" sizes=\"(max-width: 2560px) 100vw, 2560px\" \/>\t\t\t\t\t\t\t\t\t\t\t\t\t\t\t<\/div>\n\t\t\t\t<\/div>\n\t\t\t\t<div class=\"elementor-element elementor-element-86f2145 elementor-widget__width-initial elementor-invisible elementor-widget elementor-widget-text-editor\" data-id=\"86f2145\" data-element_type=\"widget\" data-e-type=\"widget\" data-settings=\"{&quot;_animation&quot;:&quot;fadeInRight&quot;,&quot;_animation_delay&quot;:1000}\" data-widget_type=\"text-editor.default\">\n\t\t\t\t<div class=\"elementor-widget-container\">\n\t\t\t\t\t\t\t\t\t<p>Cours le mercredi, <br>de 19h30 \u00e0 20h30<br>Salle Pierre Midey, \u00e0 Villeneuve Saint Denis.<\/p>\t\t\t\t\t\t\t\t<\/div>\n\t\t\t\t<\/div>\n\t\t\t\t\t<\/div>\n\t\t<\/div>\n\t\t\t\t\t<\/div>\n\t\t<\/section>\n\t\t\t\t<\/div>\n\t\t","protected":false},"excerpt":{"rendered":"<p>Fitness adultes Venez d\u00e9couvrir des muscles dont vous ignoriez l\u2019existence ! Cours collectif et en atelier Pratique compl\u00e8te sur l\u2019ensemble des groupes musculaires Cardio Les exercices varient d\u2019un cours \u00e0 l\u2019autre Sans comp\u00e9tition et avec bienveillance Mat\u00e9riel n\u00e9cessaire mis \u00e0 disposition par l\u2019association (tapis, poids, \u00e9lastiques, steps\u2026) Inscrivez-vous Cours le mercredi, de 19h30 \u00e0 20h30Salle [&hellip;]<\/p>\n","protected":false},"author":1,"featured_media":0,"parent":0,"menu_order":0,"comment_status":"closed","ping_status":"closed","template":"","meta":{"inline_featured_image":false,"footnotes":"","_links_to":"","_links_to_target":""},"class_list":["post-11","page","type-page","status-publish","hentry"],"yoast_head":"<!-- This site is optimized with the Yoast SEO plugin v27.4 - https:\/\/yoast.com\/product\/yoast-seo-wordpress\/ -->\n<title>Fitness - ASVSD<\/title>\n<meta name=\"robots\" content=\"index, follow, max-snippet:-1, max-image-preview:large, max-video-preview:-1\" \/>\n<link rel=\"canonical\" href=\"https:\/\/asvsd.fr\/index.php\/fitness\/\" \/>\n<meta property=\"og:locale\" content=\"fr_FR\" \/>\n<meta property=\"og:type\" content=\"article\" \/>\n<meta property=\"og:title\" content=\"Fitness - ASVSD\" \/>\n<meta property=\"og:description\" content=\"Fitness adultes Venez d\u00e9couvrir des muscles dont vous ignoriez l\u2019existence ! Cours collectif et en atelier Pratique compl\u00e8te sur l\u2019ensemble des groupes musculaires Cardio Les exercices varient d\u2019un cours \u00e0 l\u2019autre Sans comp\u00e9tition et avec bienveillance Mat\u00e9riel n\u00e9cessaire mis \u00e0 disposition par l\u2019association (tapis, poids, \u00e9lastiques, steps\u2026) Inscrivez-vous Cours le mercredi, de 19h30 \u00e0 20h30Salle [&hellip;]\" \/>\n<meta property=\"og:url\" content=\"https:\/\/asvsd.fr\/index.php\/fitness\/\" \/>\n<meta property=\"og:site_name\" content=\"ASVSD\" \/>\n<meta property=\"article:modified_time\" content=\"2025-08-28T12:13:17+00:00\" \/>\n<meta property=\"og:image\" content=\"https:\/\/asvsd.fr\/wp-content\/uploads\/2022\/08\/iStock-517963642-scaled.jpg\" \/>\n\t<meta property=\"og:image:width\" content=\"2560\" \/>\n\t<meta property=\"og:image:height\" content=\"1707\" \/>\n\t<meta property=\"og:image:type\" content=\"image\/jpeg\" \/>\n<meta name=\"twitter:card\" content=\"summary_large_image\" \/>\n<meta name=\"twitter:label1\" content=\"Dur\u00e9e de lecture estim\u00e9e\" \/>\n\t<meta name=\"twitter:data1\" content=\"1 minute\" \/>\n<script type=\"application\/ld+json\" class=\"yoast-schema-graph\">{\"@context\":\"https:\\\/\\\/schema.org\",\"@graph\":[{\"@type\":\"WebPage\",\"@id\":\"https:\\\/\\\/asvsd.fr\\\/index.php\\\/fitness\\\/\",\"url\":\"https:\\\/\\\/asvsd.fr\\\/index.php\\\/fitness\\\/\",\"name\":\"Fitness - ASVSD\",\"isPartOf\":{\"@id\":\"https:\\\/\\\/asvsd.fr\\\/#website\"},\"primaryImageOfPage\":{\"@id\":\"https:\\\/\\\/asvsd.fr\\\/index.php\\\/fitness\\\/#primaryimage\"},\"image\":{\"@id\":\"https:\\\/\\\/asvsd.fr\\\/index.php\\\/fitness\\\/#primaryimage\"},\"thumbnailUrl\":\"https:\\\/\\\/asvsd.fr\\\/wp-content\\\/uploads\\\/2022\\\/08\\\/iStock-517963642-scaled.jpg\",\"datePublished\":\"2022-04-12T14:04:14+00:00\",\"dateModified\":\"2025-08-28T12:13:17+00:00\",\"breadcrumb\":{\"@id\":\"https:\\\/\\\/asvsd.fr\\\/index.php\\\/fitness\\\/#breadcrumb\"},\"inLanguage\":\"fr-FR\",\"potentialAction\":[{\"@type\":\"ReadAction\",\"target\":[\"https:\\\/\\\/asvsd.fr\\\/index.php\\\/fitness\\\/\"]}]},{\"@type\":\"ImageObject\",\"inLanguage\":\"fr-FR\",\"@id\":\"https:\\\/\\\/asvsd.fr\\\/index.php\\\/fitness\\\/#primaryimage\",\"url\":\"https:\\\/\\\/asvsd.fr\\\/wp-content\\\/uploads\\\/2022\\\/08\\\/iStock-517963642-scaled.jpg\",\"contentUrl\":\"https:\\\/\\\/asvsd.fr\\\/wp-content\\\/uploads\\\/2022\\\/08\\\/iStock-517963642-scaled.jpg\",\"width\":2560,\"height\":1707},{\"@type\":\"BreadcrumbList\",\"@id\":\"https:\\\/\\\/asvsd.fr\\\/index.php\\\/fitness\\\/#breadcrumb\",\"itemListElement\":[{\"@type\":\"ListItem\",\"position\":1,\"name\":\"Accueil\",\"item\":\"https:\\\/\\\/asvsd.fr\\\/\"},{\"@type\":\"ListItem\",\"position\":2,\"name\":\"Fitness\"}]},{\"@type\":\"WebSite\",\"@id\":\"https:\\\/\\\/asvsd.fr\\\/#website\",\"url\":\"https:\\\/\\\/asvsd.fr\\\/\",\"name\":\"ASVSD\",\"description\":\"Trouvez l&#039;activit\u00e9 faite pour vous\",\"publisher\":{\"@id\":\"https:\\\/\\\/asvsd.fr\\\/#organization\"},\"potentialAction\":[{\"@type\":\"SearchAction\",\"target\":{\"@type\":\"EntryPoint\",\"urlTemplate\":\"https:\\\/\\\/asvsd.fr\\\/?s={search_term_string}\"},\"query-input\":{\"@type\":\"PropertyValueSpecification\",\"valueRequired\":true,\"valueName\":\"search_term_string\"}}],\"inLanguage\":\"fr-FR\"},{\"@type\":\"Organization\",\"@id\":\"https:\\\/\\\/asvsd.fr\\\/#organization\",\"name\":\"ASVSD\",\"url\":\"https:\\\/\\\/asvsd.fr\\\/\",\"logo\":{\"@type\":\"ImageObject\",\"inLanguage\":\"fr-FR\",\"@id\":\"https:\\\/\\\/asvsd.fr\\\/#\\\/schema\\\/logo\\\/image\\\/\",\"url\":\"https:\\\/\\\/asvsd.fr\\\/wp-content\\\/uploads\\\/2022\\\/08\\\/logoofficiel.png\",\"contentUrl\":\"https:\\\/\\\/asvsd.fr\\\/wp-content\\\/uploads\\\/2022\\\/08\\\/logoofficiel.png\",\"width\":393,\"height\":393,\"caption\":\"ASVSD\"},\"image\":{\"@id\":\"https:\\\/\\\/asvsd.fr\\\/#\\\/schema\\\/logo\\\/image\\\/\"}}]}<\/script>\n<!-- \/ Yoast SEO plugin. -->","yoast_head_json":{"title":"Fitness - ASVSD","robots":{"index":"index","follow":"follow","max-snippet":"max-snippet:-1","max-image-preview":"max-image-preview:large","max-video-preview":"max-video-preview:-1"},"canonical":"https:\/\/asvsd.fr\/index.php\/fitness\/","og_locale":"fr_FR","og_type":"article","og_title":"Fitness - ASVSD","og_description":"Fitness adultes Venez d\u00e9couvrir des muscles dont vous ignoriez l\u2019existence ! Cours collectif et en atelier Pratique compl\u00e8te sur l\u2019ensemble des groupes musculaires Cardio Les exercices varient d\u2019un cours \u00e0 l\u2019autre Sans comp\u00e9tition et avec bienveillance Mat\u00e9riel n\u00e9cessaire mis \u00e0 disposition par l\u2019association (tapis, poids, \u00e9lastiques, steps\u2026) Inscrivez-vous Cours le mercredi, de 19h30 \u00e0 20h30Salle [&hellip;]","og_url":"https:\/\/asvsd.fr\/index.php\/fitness\/","og_site_name":"ASVSD","article_modified_time":"2025-08-28T12:13:17+00:00","og_image":[{"width":2560,"height":1707,"url":"https:\/\/asvsd.fr\/wp-content\/uploads\/2022\/08\/iStock-517963642-scaled.jpg","type":"image\/jpeg"}],"twitter_card":"summary_large_image","twitter_misc":{"Dur\u00e9e de lecture estim\u00e9e":"1 minute"},"schema":{"@context":"https:\/\/schema.org","@graph":[{"@type":"WebPage","@id":"https:\/\/asvsd.fr\/index.php\/fitness\/","url":"https:\/\/asvsd.fr\/index.php\/fitness\/","name":"Fitness - ASVSD","isPartOf":{"@id":"https:\/\/asvsd.fr\/#website"},"primaryImageOfPage":{"@id":"https:\/\/asvsd.fr\/index.php\/fitness\/#primaryimage"},"image":{"@id":"https:\/\/asvsd.fr\/index.php\/fitness\/#primaryimage"},"thumbnailUrl":"https:\/\/asvsd.fr\/wp-content\/uploads\/2022\/08\/iStock-517963642-scaled.jpg","datePublished":"2022-04-12T14:04:14+00:00","dateModified":"2025-08-28T12:13:17+00:00","breadcrumb":{"@id":"https:\/\/asvsd.fr\/index.php\/fitness\/#breadcrumb"},"inLanguage":"fr-FR","potentialAction":[{"@type":"ReadAction","target":["https:\/\/asvsd.fr\/index.php\/fitness\/"]}]},{"@type":"ImageObject","inLanguage":"fr-FR","@id":"https:\/\/asvsd.fr\/index.php\/fitness\/#primaryimage","url":"https:\/\/asvsd.fr\/wp-content\/uploads\/2022\/08\/iStock-517963642-scaled.jpg","contentUrl":"https:\/\/asvsd.fr\/wp-content\/uploads\/2022\/08\/iStock-517963642-scaled.jpg","width":2560,"height":1707},{"@type":"BreadcrumbList","@id":"https:\/\/asvsd.fr\/index.php\/fitness\/#breadcrumb","itemListElement":[{"@type":"ListItem","position":1,"name":"Accueil","item":"https:\/\/asvsd.fr\/"},{"@type":"ListItem","position":2,"name":"Fitness"}]},{"@type":"WebSite","@id":"https:\/\/asvsd.fr\/#website","url":"https:\/\/asvsd.fr\/","name":"ASVSD","description":"Trouvez l&#039;activit\u00e9 faite pour vous","publisher":{"@id":"https:\/\/asvsd.fr\/#organization"},"potentialAction":[{"@type":"SearchAction","target":{"@type":"EntryPoint","urlTemplate":"https:\/\/asvsd.fr\/?s={search_term_string}"},"query-input":{"@type":"PropertyValueSpecification","valueRequired":true,"valueName":"search_term_string"}}],"inLanguage":"fr-FR"},{"@type":"Organization","@id":"https:\/\/asvsd.fr\/#organization","name":"ASVSD","url":"https:\/\/asvsd.fr\/","logo":{"@type":"ImageObject","inLanguage":"fr-FR","@id":"https:\/\/asvsd.fr\/#\/schema\/logo\/image\/","url":"https:\/\/asvsd.fr\/wp-content\/uploads\/2022\/08\/logoofficiel.png","contentUrl":"https:\/\/asvsd.fr\/wp-content\/uploads\/2022\/08\/logoofficiel.png","width":393,"height":393,"caption":"ASVSD"},"image":{"@id":"https:\/\/asvsd.fr\/#\/schema\/logo\/image\/"}}]}},"_links":{"self":[{"href":"https:\/\/asvsd.fr\/index.php\/wp-json\/wp\/v2\/pages\/11","targetHints":{"allow":["GET"]}}],"collection":[{"href":"https:\/\/asvsd.fr\/index.php\/wp-json\/wp\/v2\/pages"}],"about":[{"href":"https:\/\/asvsd.fr\/index.php\/wp-json\/wp\/v2\/types\/page"}],"author":[{"embeddable":true,"href":"https:\/\/asvsd.fr\/index.php\/wp-json\/wp\/v2\/users\/1"}],"replies":[{"embeddable":true,"href":"https:\/\/asvsd.fr\/index.php\/wp-json\/wp\/v2\/comments?post=11"}],"version-history":[{"count":106,"href":"https:\/\/asvsd.fr\/index.php\/wp-json\/wp\/v2\/pages\/11\/revisions"}],"predecessor-version":[{"id":1993,"href":"https:\/\/asvsd.fr\/index.php\/wp-json\/wp\/v2\/pages\/11\/revisions\/1993"}],"wp:attachment":[{"href":"https:\/\/asvsd.fr\/index.php\/wp-json\/wp\/v2\/media?parent=11"}],"curies":[{"name":"wp","href":"https:\/\/api.w.org\/{rel}","templated":true}]}}