{"id":13,"date":"2022-04-12T16:04:29","date_gmt":"2022-04-12T14:04:29","guid":{"rendered":"http:\/\/asvsd.fr\/?page_id=13"},"modified":"2025-08-28T14:16:28","modified_gmt":"2025-08-28T12:16:28","slug":"gymnastique","status":"publish","type":"page","link":"https:\/\/asvsd.fr\/index.php\/gymnastique\/","title":{"rendered":"Gymnastique"},"content":{"rendered":"\t\t<div data-elementor-type=\"wp-page\" data-elementor-id=\"13\" class=\"elementor elementor-13\">\n\t\t\t\t\t\t<section class=\"elementor-section elementor-top-section elementor-element elementor-element-13e8d40 elementor-section-content-middle elementor-reverse-mobile elementor-section-boxed elementor-section-height-default elementor-section-height-default\" data-id=\"13e8d40\" data-element_type=\"section\" data-e-type=\"section\">\n\t\t\t\t\t\t<div class=\"elementor-container elementor-column-gap-default\">\n\t\t\t\t\t<div class=\"elementor-column elementor-col-50 elementor-top-column elementor-element elementor-element-e98e1e6\" data-id=\"e98e1e6\" data-element_type=\"column\" data-e-type=\"column\">\n\t\t\t<div class=\"elementor-widget-wrap elementor-element-populated\">\n\t\t\t\t\t\t<div class=\"elementor-element elementor-element-5853d8f elementor-widget elementor-widget-heading\" data-id=\"5853d8f\" data-element_type=\"widget\" data-e-type=\"widget\" data-widget_type=\"heading.default\">\n\t\t\t\t<div class=\"elementor-widget-container\">\n\t\t\t\t\t<h2 class=\"elementor-heading-title elementor-size-default\">Gymnastique<\/h2>\t\t\t\t<\/div>\n\t\t\t\t<\/div>\n\t\t\t\t<div class=\"elementor-element elementor-element-20ae926 elementor-widget elementor-widget-heading\" data-id=\"20ae926\" data-element_type=\"widget\" data-e-type=\"widget\" data-widget_type=\"heading.default\">\n\t\t\t\t<div class=\"elementor-widget-container\">\n\t\t\t\t\t<h2 class=\"elementor-heading-title elementor-size-default\">Retrouver de la libert\u00e9 de mouvements et de la tonicit\u00e9\u00a0 !<\/h2>\t\t\t\t<\/div>\n\t\t\t\t<\/div>\n\t\t\t\t<div class=\"elementor-element elementor-element-70bc988 elementor-widget elementor-widget-text-editor\" data-id=\"70bc988\" data-element_type=\"widget\" data-e-type=\"widget\" data-widget_type=\"text-editor.default\">\n\t\t\t\t<div class=\"elementor-widget-container\">\n\t\t\t\t\t\t\t\t\t<ul><li>Cours collectif<\/li><li>Bien dans son corps : Renforcement musculaire\u00a0<\/li><li>bien dans sa t\u00eate : Equilibre, coordination et m\u00e9moire<\/li><li>Les exercices varient d\u2019un cours \u00e0 l\u2019autre<\/li><li>Sans comp\u00e9tition et avec bienveillance\u00a0<\/li><li>Mat\u00e9riel n\u00e9cessaire mis \u00e0 disposition par l\u2019association (poids, \u00e9lastiques, ballons\u2026)<\/li><\/ul><p>\u00a0<\/p>\t\t\t\t\t\t\t\t<\/div>\n\t\t\t\t<\/div>\n\t\t\t\t<div class=\"elementor-element elementor-element-52d235d elementor-align-left elementor-mobile-align-center elementor-widget elementor-widget-button\" data-id=\"52d235d\" data-element_type=\"widget\" data-e-type=\"widget\" data-widget_type=\"button.default\">\n\t\t\t\t<div class=\"elementor-widget-container\">\n\t\t\t\t\t\t\t\t\t<div class=\"elementor-button-wrapper\">\n\t\t\t\t\t<a class=\"elementor-button elementor-button-link elementor-size-md elementor-animation-sink\" href=\"https:\/\/asvsd.fr\/index.php\/inscription\/\">\n\t\t\t\t\t\t<span class=\"elementor-button-content-wrapper\">\n\t\t\t\t\t\t\t\t\t<span class=\"elementor-button-text\">Inscrivez-vous<\/span>\n\t\t\t\t\t<\/span>\n\t\t\t\t\t<\/a>\n\t\t\t\t<\/div>\n\t\t\t\t\t\t\t\t<\/div>\n\t\t\t\t<\/div>\n\t\t\t\t\t<\/div>\n\t\t<\/div>\n\t\t\t\t<div class=\"elementor-column elementor-col-50 elementor-top-column elementor-element elementor-element-cd77f56\" data-id=\"cd77f56\" data-element_type=\"column\" data-e-type=\"column\">\n\t\t\t<div class=\"elementor-widget-wrap elementor-element-populated\">\n\t\t\t\t\t\t<div class=\"elementor-element elementor-element-3d32480 elementor-widget__width-initial elementor-invisible elementor-widget elementor-widget-text-editor\" data-id=\"3d32480\" data-element_type=\"widget\" data-e-type=\"widget\" data-settings=\"{&quot;_animation&quot;:&quot;fadeInRight&quot;,&quot;_animation_delay&quot;:1000}\" data-widget_type=\"text-editor.default\">\n\t\t\t\t<div class=\"elementor-widget-container\">\n\t\t\t\t\t\t\t\t\t<p>Cours le mercredi,&nbsp;<\/p>\n<p>de 9H30 \u00c0 10H30,&nbsp;<\/p><p>de 10H45 \u00e0 11H45,<\/p><p>Maison de l&rsquo;Environnement \u00e0 Villeneuve le Comte.<\/p>\t\t\t\t\t\t\t\t<\/div>\n\t\t\t\t<\/div>\n\t\t\t\t\t<\/div>\n\t\t<\/div>\n\t\t\t\t\t<\/div>\n\t\t<\/section>\n\t\t\t\t<\/div>\n\t\t","protected":false},"excerpt":{"rendered":"<p>Gymnastique Retrouver de la libert\u00e9 de mouvements et de la tonicit\u00e9\u00a0 ! Cours collectif Bien dans son corps : Renforcement musculaire\u00a0 bien dans sa t\u00eate : Equilibre, coordination et m\u00e9moire Les exercices varient d\u2019un cours \u00e0 l\u2019autre Sans comp\u00e9tition et avec bienveillance\u00a0 Mat\u00e9riel n\u00e9cessaire mis \u00e0 disposition par l\u2019association (poids, \u00e9lastiques, ballons\u2026) \u00a0 Inscrivez-vous Cours [&hellip;]<\/p>\n","protected":false},"author":1,"featured_media":0,"parent":0,"menu_order":0,"comment_status":"closed","ping_status":"closed","template":"","meta":{"inline_featured_image":false,"footnotes":"","_links_to":"","_links_to_target":""},"class_list":["post-13","page","type-page","status-publish","hentry"],"yoast_head":"<!-- This site is optimized with the Yoast SEO plugin v27.4 - https:\/\/yoast.com\/product\/yoast-seo-wordpress\/ -->\n<title>Gymnastique - ASVSD<\/title>\n<meta name=\"robots\" content=\"index, follow, max-snippet:-1, max-image-preview:large, max-video-preview:-1\" \/>\n<link rel=\"canonical\" href=\"https:\/\/asvsd.fr\/index.php\/gymnastique\/\" \/>\n<meta property=\"og:locale\" content=\"fr_FR\" \/>\n<meta property=\"og:type\" content=\"article\" \/>\n<meta property=\"og:title\" content=\"Gymnastique - ASVSD\" \/>\n<meta property=\"og:description\" content=\"Gymnastique Retrouver de la libert\u00e9 de mouvements et de la tonicit\u00e9\u00a0 ! Cours collectif Bien dans son corps : Renforcement musculaire\u00a0 bien dans sa t\u00eate : Equilibre, coordination et m\u00e9moire Les exercices varient d\u2019un cours \u00e0 l\u2019autre Sans comp\u00e9tition et avec bienveillance\u00a0 Mat\u00e9riel n\u00e9cessaire mis \u00e0 disposition par l\u2019association (poids, \u00e9lastiques, ballons\u2026) \u00a0 Inscrivez-vous Cours [&hellip;]\" \/>\n<meta property=\"og:url\" content=\"https:\/\/asvsd.fr\/index.php\/gymnastique\/\" \/>\n<meta property=\"og:site_name\" content=\"ASVSD\" \/>\n<meta property=\"article:modified_time\" content=\"2025-08-28T12:16:28+00:00\" \/>\n<meta name=\"twitter:card\" content=\"summary_large_image\" \/>\n<meta name=\"twitter:label1\" content=\"Dur\u00e9e de lecture estim\u00e9e\" \/>\n\t<meta name=\"twitter:data1\" content=\"1 minute\" \/>\n<script type=\"application\/ld+json\" class=\"yoast-schema-graph\">{\"@context\":\"https:\\\/\\\/schema.org\",\"@graph\":[{\"@type\":\"WebPage\",\"@id\":\"https:\\\/\\\/asvsd.fr\\\/index.php\\\/gymnastique\\\/\",\"url\":\"https:\\\/\\\/asvsd.fr\\\/index.php\\\/gymnastique\\\/\",\"name\":\"Gymnastique - ASVSD\",\"isPartOf\":{\"@id\":\"https:\\\/\\\/asvsd.fr\\\/#website\"},\"datePublished\":\"2022-04-12T14:04:29+00:00\",\"dateModified\":\"2025-08-28T12:16:28+00:00\",\"breadcrumb\":{\"@id\":\"https:\\\/\\\/asvsd.fr\\\/index.php\\\/gymnastique\\\/#breadcrumb\"},\"inLanguage\":\"fr-FR\",\"potentialAction\":[{\"@type\":\"ReadAction\",\"target\":[\"https:\\\/\\\/asvsd.fr\\\/index.php\\\/gymnastique\\\/\"]}]},{\"@type\":\"BreadcrumbList\",\"@id\":\"https:\\\/\\\/asvsd.fr\\\/index.php\\\/gymnastique\\\/#breadcrumb\",\"itemListElement\":[{\"@type\":\"ListItem\",\"position\":1,\"name\":\"Accueil\",\"item\":\"https:\\\/\\\/asvsd.fr\\\/\"},{\"@type\":\"ListItem\",\"position\":2,\"name\":\"Gymnastique\"}]},{\"@type\":\"WebSite\",\"@id\":\"https:\\\/\\\/asvsd.fr\\\/#website\",\"url\":\"https:\\\/\\\/asvsd.fr\\\/\",\"name\":\"ASVSD\",\"description\":\"Trouvez l&#039;activit\u00e9 faite pour vous\",\"publisher\":{\"@id\":\"https:\\\/\\\/asvsd.fr\\\/#organization\"},\"potentialAction\":[{\"@type\":\"SearchAction\",\"target\":{\"@type\":\"EntryPoint\",\"urlTemplate\":\"https:\\\/\\\/asvsd.fr\\\/?s={search_term_string}\"},\"query-input\":{\"@type\":\"PropertyValueSpecification\",\"valueRequired\":true,\"valueName\":\"search_term_string\"}}],\"inLanguage\":\"fr-FR\"},{\"@type\":\"Organization\",\"@id\":\"https:\\\/\\\/asvsd.fr\\\/#organization\",\"name\":\"ASVSD\",\"url\":\"https:\\\/\\\/asvsd.fr\\\/\",\"logo\":{\"@type\":\"ImageObject\",\"inLanguage\":\"fr-FR\",\"@id\":\"https:\\\/\\\/asvsd.fr\\\/#\\\/schema\\\/logo\\\/image\\\/\",\"url\":\"https:\\\/\\\/asvsd.fr\\\/wp-content\\\/uploads\\\/2022\\\/08\\\/logoofficiel.png\",\"contentUrl\":\"https:\\\/\\\/asvsd.fr\\\/wp-content\\\/uploads\\\/2022\\\/08\\\/logoofficiel.png\",\"width\":393,\"height\":393,\"caption\":\"ASVSD\"},\"image\":{\"@id\":\"https:\\\/\\\/asvsd.fr\\\/#\\\/schema\\\/logo\\\/image\\\/\"}}]}<\/script>\n<!-- \/ Yoast SEO plugin. -->","yoast_head_json":{"title":"Gymnastique - ASVSD","robots":{"index":"index","follow":"follow","max-snippet":"max-snippet:-1","max-image-preview":"max-image-preview:large","max-video-preview":"max-video-preview:-1"},"canonical":"https:\/\/asvsd.fr\/index.php\/gymnastique\/","og_locale":"fr_FR","og_type":"article","og_title":"Gymnastique - ASVSD","og_description":"Gymnastique Retrouver de la libert\u00e9 de mouvements et de la tonicit\u00e9\u00a0 ! Cours collectif Bien dans son corps : Renforcement musculaire\u00a0 bien dans sa t\u00eate : Equilibre, coordination et m\u00e9moire Les exercices varient d\u2019un cours \u00e0 l\u2019autre Sans comp\u00e9tition et avec bienveillance\u00a0 Mat\u00e9riel n\u00e9cessaire mis \u00e0 disposition par l\u2019association (poids, \u00e9lastiques, ballons\u2026) \u00a0 Inscrivez-vous Cours [&hellip;]","og_url":"https:\/\/asvsd.fr\/index.php\/gymnastique\/","og_site_name":"ASVSD","article_modified_time":"2025-08-28T12:16:28+00:00","twitter_card":"summary_large_image","twitter_misc":{"Dur\u00e9e de lecture estim\u00e9e":"1 minute"},"schema":{"@context":"https:\/\/schema.org","@graph":[{"@type":"WebPage","@id":"https:\/\/asvsd.fr\/index.php\/gymnastique\/","url":"https:\/\/asvsd.fr\/index.php\/gymnastique\/","name":"Gymnastique - ASVSD","isPartOf":{"@id":"https:\/\/asvsd.fr\/#website"},"datePublished":"2022-04-12T14:04:29+00:00","dateModified":"2025-08-28T12:16:28+00:00","breadcrumb":{"@id":"https:\/\/asvsd.fr\/index.php\/gymnastique\/#breadcrumb"},"inLanguage":"fr-FR","potentialAction":[{"@type":"ReadAction","target":["https:\/\/asvsd.fr\/index.php\/gymnastique\/"]}]},{"@type":"BreadcrumbList","@id":"https:\/\/asvsd.fr\/index.php\/gymnastique\/#breadcrumb","itemListElement":[{"@type":"ListItem","position":1,"name":"Accueil","item":"https:\/\/asvsd.fr\/"},{"@type":"ListItem","position":2,"name":"Gymnastique"}]},{"@type":"WebSite","@id":"https:\/\/asvsd.fr\/#website","url":"https:\/\/asvsd.fr\/","name":"ASVSD","description":"Trouvez l&#039;activit\u00e9 faite pour vous","publisher":{"@id":"https:\/\/asvsd.fr\/#organization"},"potentialAction":[{"@type":"SearchAction","target":{"@type":"EntryPoint","urlTemplate":"https:\/\/asvsd.fr\/?s={search_term_string}"},"query-input":{"@type":"PropertyValueSpecification","valueRequired":true,"valueName":"search_term_string"}}],"inLanguage":"fr-FR"},{"@type":"Organization","@id":"https:\/\/asvsd.fr\/#organization","name":"ASVSD","url":"https:\/\/asvsd.fr\/","logo":{"@type":"ImageObject","inLanguage":"fr-FR","@id":"https:\/\/asvsd.fr\/#\/schema\/logo\/image\/","url":"https:\/\/asvsd.fr\/wp-content\/uploads\/2022\/08\/logoofficiel.png","contentUrl":"https:\/\/asvsd.fr\/wp-content\/uploads\/2022\/08\/logoofficiel.png","width":393,"height":393,"caption":"ASVSD"},"image":{"@id":"https:\/\/asvsd.fr\/#\/schema\/logo\/image\/"}}]}},"_links":{"self":[{"href":"https:\/\/asvsd.fr\/index.php\/wp-json\/wp\/v2\/pages\/13","targetHints":{"allow":["GET"]}}],"collection":[{"href":"https:\/\/asvsd.fr\/index.php\/wp-json\/wp\/v2\/pages"}],"about":[{"href":"https:\/\/asvsd.fr\/index.php\/wp-json\/wp\/v2\/types\/page"}],"author":[{"embeddable":true,"href":"https:\/\/asvsd.fr\/index.php\/wp-json\/wp\/v2\/users\/1"}],"replies":[{"embeddable":true,"href":"https:\/\/asvsd.fr\/index.php\/wp-json\/wp\/v2\/comments?post=13"}],"version-history":[{"count":73,"href":"https:\/\/asvsd.fr\/index.php\/wp-json\/wp\/v2\/pages\/13\/revisions"}],"predecessor-version":[{"id":1996,"href":"https:\/\/asvsd.fr\/index.php\/wp-json\/wp\/v2\/pages\/13\/revisions\/1996"}],"wp:attachment":[{"href":"https:\/\/asvsd.fr\/index.php\/wp-json\/wp\/v2\/media?parent=13"}],"curies":[{"name":"wp","href":"https:\/\/api.w.org\/{rel}","templated":true}]}}